6)) is divided by 13?
10
Suppose -32 = -n + 5*f, -f = 4*n + 2*f - 36. What is the remainder when -94*(-3)/6*1 is divided by n?
11
Suppose -5*z + 0*z - 2*k = 80, -3*k = 0. Let a = z + 24. What is the remainder when 15 is divided by a?
7
Let d(x) = -x + 4. Let z be d(4). Suppose 4*i - 76 = -z*i. Suppose 0 = j - 2*h - 12, 0 = -3*j + 2*h + i + 13. What is the remainder when 29 is divided by j?
9
Calculate the remainder when -1 + 2 + 3 - 2 is divided by 1.
0
Suppose -3*d = -125 - 34. Calculate the remainder when d is divided by 28.
25
Let a(v) = 2*v**2 - 55*v - 12. Calculate the remainder when 77 is divided by a(28).
13
Suppose 3*u - 2*u = 3. What is the remainder when 10 is divided by u?
1
What is the remainder when 110/(-5)*(-3)/2 is divided by 29?
4
Let j be (-38)/(-2) + 0 + 2. Suppose -o + 2 = -j. Suppose 73 - o = h. Calculate the remainder when h is divided by 13.
11
Suppose -9*q + 8*q + 8 = 0. Calculate the remainder when 13 is divided by q.
5
Let b = 2 - -5. Let l = -3 - -27. What is the remainder when l is divided by b?
3
Let y(d) = d**2 + d - 6. Let l be y(-5). Suppose -4*o = -138 - l. What is the remainder when o is divided by 13?
12
Let u = -39 + 65. Calculate the remainder when u is divided by 14.
12
Let l(f) be the first derivative of f**4/4 - 8*f**3/3 + 3*f**2/2 + 6*f - 4. Calculate the remainder when l(8) is divided by 17.
13
Let v(d) = 2*d + 4. Let o be v(-5). What is the remainder when (2/o)/(1/(-9)) is divided by ((-1)/2)/((-1)/6)?
0
Let c = -14 + -10. Let g = c - -40. Calculate the remainder when 47 is divided by g.
15
Let f(j) = 4*j**2 - j. Let c be f(1). Suppose -c*p = -p - 44. Calculate the remainder when p is divided by 12.
10
Let p = 24 - -23. What is the remainder when p is divided by 13?
8
Calculate the remainder when 24 is divided by 0 - 6*(-3)/2.
6
Let j = -17 - -27. What is the remainder when j is divided by 6?
4
Let b(n) = 4*n**2 - 2*n - 3. Let p(i) = 4*i - 8. What is the remainder when p(10) is divided by b(-2)?
15
Suppose -55 = -5*f - 4*c, -4*f + 29 = -2*f + 3*c. Let p be 2/(-8) + 324/16. Suppose 0 = o - 5*o + p. Calculate the remainder when f is divided by o.
2
Let u(q) = q**3 + 4*q**2 - 6*q - 5. Let j be u(-5). Suppose -2*w + 5*w = f - 13, j = -f + 4*w + 15. What is the remainder when 12 is divided by f?
5
Let s(o) = -o**2 - 14*o - 8. Let z be s(-14). Let h = -141 - -93. Let b = z - h. What is the remainder when b is divided by 14?
12
Suppose 3*r - 7 = 8. What is the remainder when r is divided by 4?
1
Suppose 3*s + 2*f - 12 - 53 = 0, 0 = 2*s - 2*f - 60. Calculate the remainder when s is divided by 19.
6
Suppose 57 = r - 4*h, 5*h = -5*r + 2*r + 154. What is the remainder when r is divided by 14?
11
Suppose 3*k - 77 = -2*c, 0 = 2*c - c + 2*k - 41. What is the remainder when c is divided by 8?
7
Suppose -q - 2*r + 10 = 0, -40 = -2*q - 2*q + r. Let c = 9 + q. Calculate the remainder when c is divided by 11.
8
Suppose 7*g - 12*g + 40 = 0. Suppose 4*z - n - 94 = -g, 2*n = -4*z + 92. What is the remainder when 64 is divided by z?
20
Let f = 269 - 253. What is the remainder when (-824)/(-18) - 2/(-9) is divided by f?
14
Suppose 0 = -m + 4*m - 39. Let d = m + -7. What is the remainder when 9 is divided by d?
3
Suppose -n - p + 2*p = -16, -3*n = -p - 44. Let t(g) = -g**2 + 5*g + 1. Let y be t(5). Suppose 0 = z - 7 - y. What is the remainder when n is divided by z?
6
Suppose 2*g - 116 = -4*x - 3*g, -g - 58 = -2*x. Suppose -5*f + 250 = 50. Let s = f - x. What is the remainder when s is divided by 6?
5
Calculate the remainder when (-3)/((-24)/20)*2 is divided by 4.
1
Suppose 0 = -6*u + 3*u + 18. Calculate the remainder when 51 is divided by u.
3
Let i(y) = y**3 + 2*y**2 - 2*y - 1. Let q be i(-2). Let f be ((-10)/2)/(1 + -2). Calculate the remainder when 2*(q*f + 2) is divided by 12.
10
Suppose 1 = 3*d - 2*d. Suppose -3*a + 52 = d. What is the remainder when 49 is divided by a?
15
Let y(l) = 6 - 3*l + 5*l - 3. Let h be y(-2). Let j = 8 + h. What is the remainder when j is divided by 3?
1
Suppose 4*s - 5*o = 64, s - 5*o = 36 - 5. What is the remainder when s is divided by 4?
3
Suppose -11*r - 6 = -116. Calculate the remainder when 16 is divided by r.
6
Suppose -5*m = -21 + 6. Suppose -r + 32 = m*x, -x = 4*x + 3*r - 52. What is the remainder when 102/5 + 6/(-15) is divided by x?
9
Let t(v) = 18*v - 2. Let i = -3 - -12. What is the remainder when t(2) is divided by i?
7
Let y(p) = 2*p**2 - 21*p - 2. What is the remainder when 135 is divided by y(12)?
33
Suppose 6 = 5*m - 2*f - 3, -3*m = 2*f - 15. Calculate the remainder when 12 is divided by (-4)/4 - (-24)/m.
5
Calculate the remainder when 42 is divided by 9 + 3 + 3 + 1.
10
Let h(y) = -y - 7. What is the remainder when 7 is divided by h(-11)?
3
What is the remainder when -3*(-237)/18*(-8)/(-4) is divided by 16?
15
Suppose 4*q = 109 - 37. What is the remainder when 30 is divided by q?
12
Let j = 14 - 8. Suppose -2*c - 10 = 0, -k - 3*k - 17 = 5*c. Suppose -k*z - 53 = -4*w + 5, -2*w - 2*z = -32. What is the remainder when w is divided by j?
3
Let t = 20 - 12. Let v(l) = -l**2 + 7*l - 5. Calculate the remainder when t is divided by v(5).
3
Suppose -3*i + 0*o + 43 = -5*o, 0 = -2*i + 2*o + 22. Calculate the remainder when i is divided by 5.
1
Let h(f) = f**3 - 4*f**2 + 4*f. Let g be h(3). Suppose 32 = g*s - 13. What is the remainder when 28 is divided by s?
13
Suppose -2*b = 10, 2*b = o + 2 - 15. Suppose 151 = o*q + 25. Calculate the remainder when q is divided by 11.
9
Suppose 3*r - 2*r = 1. Suppose 6*b - 1 = 29. Calculate the remainder when -2 + (r + 0 - -15) is divided by b.
4
Let u = 69 + -25. Let s = -27 + u. Calculate the remainder when s is divided by 5.
2
Let f = 34 + 0. Calculate the remainder when f is divided by (-568)/(-48) - (-1)/6.
10
Let i(u) = u**3 - 3*u**2 - 9*u + 8. What is the remainder when 63 is divided by i(5)?
11
Let b(g) = -g**3 + 6*g**2 + 5*g - 1. Let q be b(6). Suppose -2 = 3*u - q. Calculate the remainder when 17 is divided by u.
8
Let g = 75 - 16. Suppose -26 = -2*l - t, -5*l - t + g = -0*t. Calculate the remainder when l is divided by 6.
5
Let a = 120 - 97. What is the remainder when 67 is divided by a?
21
Suppose -155 = 4*v - 9*v. Suppose -2*h + 4*h - 32 = 0. What is the remainder when v is divided by h?
15
Let k(r) = -3*r**2 - 7*r + 5. Let p(w) = 13*w**2 + 28*w - 20. Let i(n) = -9*k(n) - 2*p(n). Calculate the remainder when i(6) is divided by 25.
23
Let t = 128 - 71. Calculate the remainder when t is divided by 17.
6
Let q = -12 + 20. Suppose 150 = -2*v - 0*v. Calculate the remainder when -3 - 1*v/3 is divided by q.
6
Let t(s) = s + 15. Let l be t(0). Suppose p + l = 6*p. Suppose 24 = p*y + y. Calculate the remainder when 16 is divided by y.
4
What is the remainder when 9/(54/(-30))*1*-5 is divided by 3?
1
Suppose j + j - 3*o = 7, 21 = j - 5*o. Suppose -2*v = -v - 6. Calculate the remainder when 10 is divided by (2/(-1))/(j/v).
1
Let b = -108 + 135. What is the remainder when 132 is divided by b?
24
Let c(h) = h**2 + 3. Suppose 5*n + 2*o = -0*o, 0 = -3*n + 2*o. Let i be c(n). Let l = -2 + i. What is the remainder when 1 is divided by l?
0
Suppose -4*r + 4*b - 16 = 0, 4 = 2*r - 5*r - b. Let f be r*((-3)/2 - 3). Suppose 0*v - 3*v = -f, -5*l + 8 = -4*v. What is the remainder when 15 is divided by l?
3
Suppose 2*f = -2 - 4. Let p be 18/(-8)*8/f. Calculate the remainder when 8 is divided by (-9)/2*(-4)/p.
2
Let u = 4 - -1. Suppose 123 = u*q + s - 4*s, -5*q = 4*s - 116. Let p = q + -9. What is the remainder when 43 is divided by p?
13
Let j = -220 + 309. What is the remainder when j is divided by 30?
29
Suppose o = 7 + 10. Let s = 32 + 1. What is the remainder when s is divided by o?
16
Suppose 2*g = -4 - 4. Let d be 1/g + (-59)/4. What is the remainder when 13 is divided by (-110)/d + (-1)/3?
6
Let k be 10/25 + (-4)/10. Suppose -2*u = -4*u - 5*q + 41, k = 4*u + 2*q - 58. Calculate the remainder when 50 is divided by u.
11
Let t(u) = 2*u**2 + 4*u - 1. Calculate the remainder when 66*-1*2/(-3) is divided by t(-4).
14
Suppose 3*g - 320 = 10*i - 6*i, g - 4*i = 96. Calculate the remainder when g is divided by 30.
22
Suppose 0 = -14*l + 18*l - 76. Suppose -5*m - 4*a + 189 = 0, 3*m - 5*a - 69 = m. What is the remainder when m is divided by l?
18
Calculate the rem